Calculate the greatest common factor of 317358 and 81.
81
Calculate the highest common divisor of 218841 and 6307.
119
What is the highest common divisor of 831 and 31492407?
831
Calculate the greatest common factor of 39183 and 261.
3
What is the highest common divisor of 1276 and 138127?
319
What is the highest common divisor of 6982083 and 27?
9
What is the highest common divisor of 4901 and 1247?
29
Calculate the greatest common divisor of 307323 and 18.
9
What is the greatest common divisor of 1690 and 11960?
130
What is the greatest common divisor of 240 and 56280?
120
Calculate the greatest common divisor of 1312 and 204344.
328
Calculate the greatest common factor of 594 and 814671.
297
What is the greatest common factor of 140 and 1026004?
28
What is the highest common factor of 789 and 31297?
263
What is the greatest common divisor of 13824 and 3888?
432
What is the greatest common divisor of 2231823 and 33?
33
What is the greatest common factor of 9196 and 14036?
484
What is the highest common factor of 188 and 769578?
94
What is the highest common factor of 35 and 660590?
35
What is the greatest common factor of 598 and 110032?
598
What is the highest common divisor of 4505 and 5035?
265
Calculate the greatest common factor of 1414 and 3066.
14
What is the highest common factor of 85 and 61506?
17
Calculate the highest common factor of 4988 and 5332.
172
What is the greatest common divisor of 7868 and 11564?
28
Calculate the highest common factor of 6 and 339414.
6
What is the greatest common factor of 163 and 125347?
163
What is the highest common factor of 6332 and 692?
4
What is the greatest common factor of 1037306 and 102?
34
Calculate the highest common divisor of 42971 and 1455.
97
Calculate the greatest common divisor of 72983 and 58139.
1237
Calculate the greatest common divisor of 536565 and 12.
3
What is the greatest common factor of 6853 and 77?
77
Calculate the greatest common factor of 85314 and 10974.
354
What is the highest common divisor of 602 and 2150?
86
What is the greatest common factor of 2189 and 55?
11
Calculate the greatest common factor of 861 and 9072.
21
What is the highest common divisor of 21480 and 360?
120
Calculate the greatest common divisor of 1512 and 17234.
14
What is the highest common divisor of 65 and 3276?
13
Calculate the greatest common factor of 489445 and 55.
55
What is the highest common factor of 739152 and 144?
144
What is the highest common divisor of 714 and 133875?
357
Calculate the greatest common factor of 69 and 871746.
69
Calculate the greatest common factor of 32 and 29024.
32
What is the highest common factor of 56 and 433538?
14
What is the highest common factor of 2592 and 640?
32
Calculate the highest common factor of 56 and 8273608.
56
What is the highest common factor of 221 and 19771?
17
Calculate the highest common factor of 288 and 4041.
9
What is the highest common divisor of 6378986 and 178?
178
Calculate the greatest common divisor of 1472 and 28796.
92
Calculate the highest common factor of 416 and 4728.
8
What is the highest common factor of 12 and 4236?
12
What is the highest common divisor of 248 and 197904?
248
Calculate the highest common factor of 15006 and 1586.
122
What is the greatest common divisor of 867969 and 744?
93
What is the greatest common factor of 60 and 3312810?
30
Calculate the highest common factor of 128 and 116608.
128
What is the highest common divisor of 18297 and 1026?
171
What is the greatest common divisor of 737600 and 30?
10
What is the highest common factor of 13 and 159497?
13
Calculate the highest common factor of 397089 and 1071.
63
What is the greatest common divisor of 18024 and 240?
24
Calculate the greatest common factor of 27 and 274914.
27
Calculate the highest common factor of 182256 and 136.
8
What is the greatest common factor of 448461 and 351?
117
What is the highest common divisor of 15849 and 1593?
27
What is the greatest common factor of 540 and 1105740?
180
Calculate the highest common divisor of 133625 and 250.
125
Calculate the highest common factor of 2123 and 26829.
11
What is the greatest common divisor of 162295 and 140?
35
Calculate the highest common factor of 268 and 2538496.
268
What is the greatest common factor of 1585288 and 1136?
568
What is the greatest common factor of 323 and 10693?
17
Calculate the highest common divisor of 464 and 28420.
116
Calculate the greatest common factor of 85405 and 232.
29
Calculate the greatest common factor of 9 and 603945.
9
Calculate the highest common factor of 27 and 14787.
9
What is the greatest common factor of 275520 and 30?
30
Calculate the highest common factor of 369846 and 180.
18
Calculate the highest common factor of 28 and 44940.
28
What is the highest common divisor of 5460 and 9204?
156
What is the highest common factor of 408 and 350776?
8
What is the highest common factor of 7522 and 62?
2
Calculate the greatest common factor of 189 and 39528.
27
Calculate the highest common factor of 35435 and 1805.
95
What is the highest common factor of 500 and 95125?
125
Calculate the greatest common factor of 5655 and 468205.
145
Calculate the greatest common factor of 102 and 25738.
34
What is the highest common factor of 2 and 269888?
2
Calculate the highest common divisor of 1453196 and 152.
76
Calculate the greatest common factor of 877095 and 15.
15
What is the highest common factor of 40 and 196736?
8
What is the highest common divisor of 69 and 121279?
23
Calculate the highest common divisor of 4776 and 18706.
398
Calculate the greatest common factor of 2332 and 273268.
212
What is the greatest common divisor of 565991 and 38?
19
What is the highest common factor of 5544 and 253?
11
What is the highest common divisor of 1582 and 5650?
226
What is the greatest common divisor of 429598 and 2366?
338
Calculate the greatest common factor of 31671 and 324.
81
What is the greatest common factor of 320 and 1943360?
320
Calculate the highest common factor of 25431 and 64356.
519
Calculate the highest common factor of 42960 and 624.
48
What is the greatest common divisor of 1112 and 11259?
139
Calculate the greatest common factor of 63984 and 296112.
1488
Calculate the highest common factor of 304344 and 1080.
216
Calculate the greatest common divisor of 27408 and 60.
12
What is the greatest common divisor of 3726 and 2622?
138
Calculate the highest common divisor of 414 and 2084904.
414
What is the highest common divisor of 232362 and 351?
351
Calculate the highest common factor of 552 and 138828.
276
What is the highest common divisor of 14802 and 258?
6
Calculate the greatest common divisor of 8536980 and 60.
60
Calculate the highest common factor of 4067 and 1396724.
581
Calculate the greatest common factor of 183554 and 98.
98
Calculate the greatest common factor of 202 and 43531.
101
What is the highest common factor of 32 and 787744?
32
Calculate the greatest common divisor of 18471 and 141.
141
What is the greatest common divisor of 5681 and 249717?
247
Calculate the greatest common divisor of 90 and 19970.
10
What is the greatest common factor of 284404 and 388?
388
Calculate the greatest common factor of 71 and 6036491.
71
Calculate the greatest common divisor of 312 and 141912.
24
Calculate the highest common factor of 454 and 515063.
227
What is the greatest common factor of 92050 and 22618?
526
What is the highest common divisor of 667 and 1058?
23
Calculate the greatest common divisor of 195884 and 91.
13
What is the greatest common divisor of 133172 and 2704?
676
What is the greatest common factor of 30 and 2020002?
6
What is the highest common divisor of 1106 and 153418?
158
Calculate the greatest common factor of 112 and 1552.
16
What is the highest common divisor of 24879 and 9?
3
What is the highest common factor of 3672 and 99756?
612
Calculate the greatest common factor of 12172 and 1836.
68
Calculate the greatest common divisor of 1181704 and 136.
136
What is the greatest common divisor of 763 and 448?
7
Calculate the highest common factor of 336 and 1576.
8
Calculate the greatest common factor of 1705 and 78895.
155
Calculate the highest common divisor of 410308 and 1005.
67
What is the highest common factor of 201 and 144452?
67
Calcu